f t?
2
Let m be (-2)/7 + 138/(-7). Suppose 26 = -2*f + 2*g + 2*g, 13 = -f - 4*g. Let z = f - m. What are the prime factors of z?
7
List the prime factors of 112/(-8)*(-6)/4.
3, 7
Let y(s) = s**2 - 6*s - 10. Let l be y(8). Let k(w) = -2*w**2 - 4*w - 2. Let a be k(-3). List the prime factors of (l/a)/(4/(-16)).
3
Let u = -31 - 1. Let j = 56 + u. Suppose -5*i = x - j, -4*x + 30 = 5*i - 6. What are the prime factors of i?
2
Suppose -z + 0*z = 0. Let o be (6 - z)*(-5)/(-10). Suppose -o*b + 5*n + 25 = 0, 0*b - n + 8 = 2*b. What are the prime factors of b?
5
Let j(u) be the second derivative of -u**2 + 1/6*u**4 - 1/20*u**5 + 0 + 1/6*u**3 - 2*u. List the prime factors of j(-2).
2, 3
Let x = 0 - -51. List the prime factors of x.
3, 17
Suppose 8*u = 12*u - 216. List the prime factors of u.
2, 3
Let i(x) be the third derivative of x**5/20 + 5*x**4/12 + 7*x**3/6 - 2*x**2. Let o(h) = h + 1. Let f(q) = i(q) - 6*o(q). List the prime factors of f(-3).
2
What are the prime factors of 0 - (-3 + 2 - 36)?
37
List the prime factors of 0 + 555/5*1.
3, 37
Let a be (3/(-2))/((-30)/1280). Suppose g - a = -g. Let z = g + -23. What are the prime factors of z?
3
Let a(n) = -n**3 - 9*n**2 + n + 3. Let x be a(-9). Let f = x - -10. Let s = 0 + f. What are the prime factors of s?
2
Suppose -26 = -2*t + t + 3*s, 0 = -5*t - 3*s + 148. What are the prime factors of t?
29
List the prime factors of 4 + 3*(-34)/(-6).
3, 7
Let j(l) = 7*l**2 - l. Let n(h) = 15*h**2 - 2*h. Let u(x) = -7*j(x) + 4*n(x). What are the prime factors of u(1)?
2, 5
Let q(i) = 5*i**3 + 17*i**2 + 2*i + 9. Let o(c) = -c**3 - c**2. Let m(d) = -4*o(d) - q(d). List the prime factors of m(-13).
17
Let q(j) = j. Let p be q(1). Let u be -12*1/(-4)*p. What are the prime factors of (-102)/(-9) - (-2)/u?
2, 3
Let y(f) = 0*f**2 - 10*f**3 + 2*f + 10 - 4*f**2 - 5. Let k(s) = -30*s**3 - 11*s**2 + 5*s + 14. Let r(b) = -4*k(b) + 11*y(b). List the prime factors of r(1).
11
Let v = 251 + -150. List the prime factors of v.
101
Suppose 102 = -7*f + 9*f. What are the prime factors of f?
3, 17
Let m(b) = -3*b**2 + 3*b + 2*b**2 - 2 + 2*b. List the prime factors of m(4).
2
Let q = 17 + -13. Suppose 0 = -4*g + 5*d + 155, q*g - 9*d + 5*d - 152 = 0. What are the prime factors of g?
5, 7
Suppose -1 = -0*u + u. Let o = u + 4. List the prime factors of o.
3
Let v(l) = l**3 - 1. Let b(k) = 3*k**3 - k**2 + k. Let s(u) = -b(u) + 2*v(u). Let f be s(0). Let c = 7 + f. List the prime factors of c.
5
Let o(b) = -16*b - 6. List the prime factors of o(-6).
2, 3, 5
Suppose 6*k = 4*k + 102. What are the prime factors of k?
3, 17
Let m be ((-66)/(-55))/(4/10). Let p(j) = j**2 + 2*j. List the prime factors of p(m).
3, 5
Suppose 0 = 5*g - 206 - 189. Suppose 0 = 2*i - 2, 5*i = -4*l - 30 + g. What are the prime factors of l?
11
Let y(o) = -o**2 - o + 2. Let p be y(-2). Suppose q - 170 = -q. Suppose -5*j = -p*j - q. What are the prime factors of j?
17
Let p = 17 + 18. Let y be (-725)/35 - ((-2)/(-7) - 0). Let c = p + y. What are the prime factors of c?
2, 7
Suppose -7*l = -9*l + 276. Suppose 3 = -5*j + l. List the prime factors of j.
3
Let x be (-6)/(-3) - 0/(-2). Suppose -x*y = 2*h + 3*h + 29, 2*h = -5*y - 20. List the prime factors of ((-17)/y)/(1/2).
17
Let y be -1*2 + (19 - -3). Suppose -5*w = -y + 125. Let m = -9 - w. List the prime factors of m.
2, 3
Let i(p) be the first derivative of -p**3/6 + 2*p**2 - p - 2. Let a(h) be the first derivative of i(h). List the prime factors of a(-3).
7
Suppose -10*u = -1105 - 775. List the prime factors of u.
2, 47
Suppose 9*x = 7*x + 148. List the prime factors of x.
2, 37
Suppose -2*z = -v - 8, 42 = 2*z + 3*z + 3*v. Suppose -4*u = -5*b - 12, 2*u = -0*b - b + z. List the prime factors of u.
3
Let f be 3/4*(5 - -19). Suppose 0*d - 3*d + f = 0. What are the prime factors of d?
2, 3
Let z = 91 + -49. What are the prime factors of z?
2, 3, 7
Suppose -d = y - 0*y - 6, 4*d = 2*y + 12. What are the prime factors of ((-1)/2)/(d/(-144))?
2, 3
Suppose -3*f = -2*b - 30, -b + 30 = 2*f + b. Suppose 0*o + f = 2*o. List the prime factors of o.
2, 3
Suppose 175 = w + 4*w. List the prime factors of w.
5, 7
Let g be (-243)/(-12) - 2/8. Suppose 3*i + i = -5*a + 76, -5*i + g = 0. List the prime factors of 2/(-2 - (-26)/a).
2, 3
Let z(n) = -n. Let d be z(-1). List the prime factors of -3 + d - (-4 + -17).
19
Suppose -o - 336 = -3*o. Suppose 31*u - o = 27*u. List the prime factors of u.
2, 3, 7
Let s be 4/2 - (-4 + -6). List the prime factors of (-2)/(-6) + 80/s.
7
Suppose i = -4*i + 70. What are the prime factors of (231/i)/((-3)/(-4))?
2, 11
Let f(n) = -n**3 - 2*n**2 + 3*n + 3. Let x be f(-3). Let a be (-32)/(-12) + (-2)/x. Suppose -a = -4*p + 3*p. What are the prime factors of p?
2
Suppose 8*a + 63 - 455 = 0. What are the prime factors of a?
7
Suppose -17 = -5*x + 48. Suppose 15 = 5*z + q, 12 = 5*z - q - x. List the prime factors of (14 - -1)*z/5.
2, 3
Let q(p) be the first derivative of 2*p**3/3 + 3*p**2/2 - p + 5. List the prime factors of q(-5).
2, 17
Let t(m) = -m**3 + m**2 + m + 2. Let v = 2 - 0. Let d = v + -2. List the prime factors of t(d).
2
Suppose 4*l - 19 = -11. What are the prime factors of l?
2
Let p(b) = 2*b + 10. Let c be p(-8). Let f be (-4)/12 - 2/c. Suppose f*y = -4*y + 8. What are the prime factors of y?
2
What are the prime factors of -52*(-4 - 25/(-10))?
2, 3, 13
Let o = -11 + 32. Suppose -o = g - 2*g. Let b = g - 11. What are the prime factors of b?
2, 5
Let x(w) = w. Let c = -3 - -7. Suppose 4*t - 12 + c = 0. What are the prime factors of x(t)?
2
Let j(s) = 5*s - 3. Let q be j(2). Let k be (-14)/(-4) - (-3)/(-6). Let g = k + q. What are the prime factors of g?
2, 5
Let k(n) = -n**3 + 6*n**2 - 3*n - 2. Let u be k(5). Suppose g = 2*g - u. Suppose 3*q = z - g, 3*z + 4*q - 108 = -45. List the prime factors of z.
17
Suppose 2*c = 5*c - 66. List the prime factors of c.
2, 11
Suppose -2*y - 2*y - 12 = 0. What are the prime factors of (1/y)/((-3)/153)?
17
Let x = 85 + -49. What are the prime factors of x?
2, 3
Let i(p) = 105*p + 1. List the prime factors of i(1).
2, 53
Let x = 365 - 20. What are the prime factors of x?
3, 5, 23
Suppose 6 = -5*o + 21. Suppose 3*j + o*w = 66, -j = 4*w - 32 - 5. What are the prime factors of j?
17
Let j be (10/(-4))/(3/(-6)). Suppose j*a - a = 32. List the prime factors of a.
2
Let i(d) = -11*d + 12. What are the prime factors of i(-11)?
7, 19
Suppose s = -3*s + 8. Let u(j) = -3 + 5 - s*j**3 + 3*j**3 + 5*j**2 - 2*j. List the prime factors of u(-5).
2, 3
Suppose 0 = 6*i - i. Suppose -2*c + 8 = i, -4*z + 0*c - 4*c = -76. What are the prime factors of z?
3, 5
Suppose 4*f + 172 = 4*l, -4 = -4*l + 2*f + 176. What are the prime factors of l?
47
Let t = 135 - 96. Let l = 65 - t. List the prime factors of l.
2, 13
Let m = 68 - 37. List the prime factors of m.
31
Let i = 14 + -5. Let g(o) = -o**3 + 8*o**2 + 12*o + 2. List the prime factors of g(i).
29
Let n = 1 + 1. Suppose -n*q = 3*q - 35. List the prime factors of q.
7
Suppose -4*c + 33 = -31. Suppose -12 = -4*s, -a + c = 5*s - 39. What are the prime factors of a?
2, 5
Suppose -u = 2*u + 2*j - 89, 5*u + 5*j - 145 = 0. What are the prime factors of u?
31
Let a = 16 - 21. What are the prime factors of (-8)/a*(-30)/(-4)?
2, 3
Suppose -2*b = q - 16, 2*q = -3*q + 4*b + 38. Let l = q - 5. What are the prime factors of l?
5
List the prime factors of (-2 - 1/(-1))/(7/(-84)).
2, 3
List the prime factors of (1 - 2)*-26 - -2.
2, 7
Let z be 3 - (-1)/(-2)*-4. Suppose 2*r = 6*r. Suppose c - 5 = -z*p + 4, 3*p - 3 = r. List the prime factors of c.
2
Let c(s) = 7*s + 62. What are the prime factors of c(16)?
2, 3, 29
Suppose 5*g = 44 + 11. Let c = g - 6. List the prime factors of c.
5
Let a(t) = 6*t**2 + 5*t. List the prime factors of a(3).
3, 23
Suppose -123 = -5*u + 22. Let c = 74 - u. Suppose k - c = -4*k. List the prime factors of k.
3
Let d(c) = 4*c**2 - 6*c - 6. List the prime factors of d(-3).
2, 3
Let j(m) = -3*m + m**3 + 5*m + 5*m**2 + 5 + 3*m. Let d be j(-4). List the prime factors of (d/2)/((-2)/(-24)).
2, 3
Let u = -30 + 63. What are the prime factors of u?
3, 11
What are the prime factors of (16 + -4)/(-6)*422/(-4)?
211
Let v = -49 + 79. List the prime factors of v.
2, 3, 5
Let v be 1/(4/4 + -2). List the prime factors of v*((2 - 5) + 1).
2
Su